{"id":31,"date":"2023-12-26T16:49:47","date_gmt":"2023-12-26T19:49:47","guid":{"rendered":"https:\/\/clubenegocios.enermig.com.br\/?page_id=31"},"modified":"2023-12-26T16:49:47","modified_gmt":"2023-12-26T19:49:47","slug":"pagina-inicial-homepage","status":"publish","type":"page","link":"https:\/\/clubenegocios.enermig.com.br\/","title":{"rendered":"P\u00e1gina Inicial (Homepage)"},"content":{"rendered":"\n<p>Bem-vindo(a) ao seu site! Est\u00e1 \u00e9 sua p\u00e1gina inicial, que \u00e9 a p\u00e1gina que a maioria dos visitantes vai ver quando acessarem o seu site pela primeira vez.<\/p>\n","protected":false},"excerpt":{"rendered":"<p>Bem-vindo(a) ao seu site! Est\u00e1 \u00e9 sua p\u00e1gina inicial, que \u00e9 a p\u00e1gina que a maioria dos visitantes vai ver quando acessarem o seu site pela primeira vez.<\/p>\n","protected":false},"author":1,"featured_media":0,"parent":0,"menu_order":0,"comment_status":"closed","ping_status":"closed","template":"template-fullwidth.php","meta":{"footnotes":""},"_links":{"self":[{"href":"https:\/\/clubenegocios.enermig.com.br\/index.php\/wp-json\/wp\/v2\/pages\/31"}],"collection":[{"href":"https:\/\/clubenegocios.enermig.com.br\/index.php\/wp-json\/wp\/v2\/pages"}],"about":[{"href":"https:\/\/clubenegocios.enermig.com.br\/index.php\/wp-json\/wp\/v2\/types\/page"}],"author":[{"embeddable":true,"href":"https:\/\/clubenegocios.enermig.com.br\/index.php\/wp-json\/wp\/v2\/users\/1"}],"replies":[{"embeddable":true,"href":"https:\/\/clubenegocios.enermig.com.br\/index.php\/wp-json\/wp\/v2\/comments?post=31"}],"version-history":[{"count":1,"href":"https:\/\/clubenegocios.enermig.com.br\/index.php\/wp-json\/wp\/v2\/pages\/31\/revisions"}],"predecessor-version":[{"id":46,"href":"https:\/\/clubenegocios.enermig.com.br\/index.php\/wp-json\/wp\/v2\/pages\/31\/revisions\/46"}],"wp:attachment":[{"href":"https:\/\/clubenegocios.enermig.com.br\/index.php\/wp-json\/wp\/v2\/media?parent=31"}],"curies":[{"name":"wp","href":"https:\/\/api.w.org\/{rel}","templated":true}]}}